{"id":612,"date":"2017-07-17T14:50:25","date_gmt":"2017-07-17T12:50:25","guid":{"rendered":"http:\/\/asadepfrvn.cluster023.hosting.ovh.net\/?page_id=612"},"modified":"2019-08-08T19:10:41","modified_gmt":"2019-08-08T17:10:41","slug":"liens","status":"publish","type":"page","link":"https:\/\/asadep.fr\/index.php\/liens\/","title":{"rendered":"Liens utiles"},"content":{"rendered":"<div id=\"pl-612\"  class=\"panel-layout\" ><div id=\"pg-612-0\"  class=\"panel-grid panel-no-style\" ><div id=\"pgc-612-0-0\"  class=\"panel-grid-cell\" ><div id=\"panel-612-0-0-0\" class=\"so-panel widget widget_sow-slider panel-first-child panel-last-child\" data-index=\"0\" ><div\n\t\t\t\n\t\t\tclass=\"so-widget-sow-slider so-widget-sow-slider-default-6d39609536fd-612\"\n\t\t\t\n\t\t>\t\t\t\t<div class=\"sow-slider-base\" style=\"display: none\" tabindex=\"0\">\n\t\t\t\t\t<ul\n\t\t\t\t\tclass=\"sow-slider-images\"\n\t\t\t\t\tdata-settings=\"{&quot;pagination&quot;:true,&quot;speed&quot;:800,&quot;timeout&quot;:8000,&quot;paused&quot;:false,&quot;pause_on_hover&quot;:false,&quot;swipe&quot;:true,&quot;nav_always_show_desktop&quot;:&quot;&quot;,&quot;nav_always_show_mobile&quot;:&quot;&quot;,&quot;breakpoint&quot;:&quot;780px&quot;,&quot;unmute&quot;:false,&quot;anchor&quot;:null}\"\n\t\t\t\t\t\t\t\t\t\tdata-anchor-id=\"\"\n\t\t\t\t>\t\t<li class=\"sow-slider-image\" style=\"visibility: visible;\" >\n\t\t\t\t\t\t<img loading=\"lazy\" decoding=\"async\" width=\"1439\" height=\"464\" src=\"https:\/\/asadep.fr\/wp-content\/uploads\/2017\/06\/DSC01908-Large-e1498031113280.jpg\" class=\"sow-slider-background-image\" alt=\"\" style=\"\" srcset=\"https:\/\/asadep.fr\/wp-content\/uploads\/2017\/06\/DSC01908-Large-e1498031113280.jpg 1439w, https:\/\/asadep.fr\/wp-content\/uploads\/2017\/06\/DSC01908-Large-e1498031113280-300x97.jpg 300w, https:\/\/asadep.fr\/wp-content\/uploads\/2017\/06\/DSC01908-Large-e1498031113280-768x248.jpg 768w, https:\/\/asadep.fr\/wp-content\/uploads\/2017\/06\/DSC01908-Large-e1498031113280-1024x330.jpg 1024w, https:\/\/asadep.fr\/wp-content\/uploads\/2017\/06\/DSC01908-Large-e1498031113280-248x80.jpg 248w\" sizes=\"auto, (max-width: 1439px) 100vw, 1439px\" \/>\t\t<\/li>\n\t\t\t\t<li class=\"sow-slider-image\" style=\"visibility: hidden;\" >\n\t\t\t\t\t\t<img loading=\"lazy\" decoding=\"async\" width=\"2011\" height=\"647\" src=\"https:\/\/asadep.fr\/wp-content\/uploads\/2017\/07\/logo-asadep4_milieu-e1500987394422.png\" class=\"sow-slider-background-image\" alt=\"\" style=\"\" srcset=\"https:\/\/asadep.fr\/wp-content\/uploads\/2017\/07\/logo-asadep4_milieu-e1500987394422.png 2011w, https:\/\/asadep.fr\/wp-content\/uploads\/2017\/07\/logo-asadep4_milieu-e1500987394422-300x97.png 300w, https:\/\/asadep.fr\/wp-content\/uploads\/2017\/07\/logo-asadep4_milieu-e1500987394422-768x247.png 768w, https:\/\/asadep.fr\/wp-content\/uploads\/2017\/07\/logo-asadep4_milieu-e1500987394422-1024x329.png 1024w, https:\/\/asadep.fr\/wp-content\/uploads\/2017\/07\/logo-asadep4_milieu-e1500987394422-249x80.png 249w\" sizes=\"auto, (max-width: 2011px) 100vw, 2011px\" \/>\t\t<\/li>\n\t\t\t\t<li class=\"sow-slider-image\" style=\"visibility: hidden;\" >\n\t\t\t\t\t\t<img loading=\"lazy\" decoding=\"async\" width=\"2048\" height=\"660\" src=\"https:\/\/asadep.fr\/wp-content\/uploads\/2017\/07\/SAINT-ANDRE-e1499847571565.jpg\" class=\"sow-slider-background-image\" alt=\"\" style=\"\" srcset=\"https:\/\/asadep.fr\/wp-content\/uploads\/2017\/07\/SAINT-ANDRE-e1499847571565.jpg 2048w, https:\/\/asadep.fr\/wp-content\/uploads\/2017\/07\/SAINT-ANDRE-e1499847571565-300x97.jpg 300w, https:\/\/asadep.fr\/wp-content\/uploads\/2017\/07\/SAINT-ANDRE-e1499847571565-768x248.jpg 768w, https:\/\/asadep.fr\/wp-content\/uploads\/2017\/07\/SAINT-ANDRE-e1499847571565-1024x330.jpg 1024w, https:\/\/asadep.fr\/wp-content\/uploads\/2017\/07\/SAINT-ANDRE-e1499847571565-248x80.jpg 248w\" sizes=\"auto, (max-width: 2048px) 100vw, 2048px\" \/>\t\t<\/li>\n\t\t\t\t<li class=\"sow-slider-image\" style=\"visibility: hidden;\" >\n\t\t\t\t\t\t<img loading=\"lazy\" decoding=\"async\" width=\"1536\" height=\"496\" src=\"https:\/\/asadep.fr\/wp-content\/uploads\/2017\/07\/24-06-06-FEU-de-la-St-jEAN-25-e1499847601576.jpg\" class=\"sow-slider-background-image\" alt=\"\" style=\"\" srcset=\"https:\/\/asadep.fr\/wp-content\/uploads\/2017\/07\/24-06-06-FEU-de-la-St-jEAN-25-e1499847601576.jpg 1536w, https:\/\/asadep.fr\/wp-content\/uploads\/2017\/07\/24-06-06-FEU-de-la-St-jEAN-25-e1499847601576-300x97.jpg 300w, https:\/\/asadep.fr\/wp-content\/uploads\/2017\/07\/24-06-06-FEU-de-la-St-jEAN-25-e1499847601576-768x248.jpg 768w, https:\/\/asadep.fr\/wp-content\/uploads\/2017\/07\/24-06-06-FEU-de-la-St-jEAN-25-e1499847601576-1024x331.jpg 1024w, https:\/\/asadep.fr\/wp-content\/uploads\/2017\/07\/24-06-06-FEU-de-la-St-jEAN-25-e1499847601576-248x80.jpg 248w\" sizes=\"auto, (max-width: 1536px) 100vw, 1536px\" \/>\t\t<\/li>\n\t\t\t\t<li class=\"sow-slider-image\" style=\"visibility: hidden;\" >\n\t\t\t\t\t\t<img loading=\"lazy\" decoding=\"async\" width=\"2048\" height=\"660\" src=\"https:\/\/asadep.fr\/wp-content\/uploads\/2017\/07\/30-07-05-VETEMENTS-SACERDOTAUX-St-ANDRE-d-H-25-e1499847632218.jpg\" class=\"sow-slider-background-image\" alt=\"\" style=\"\" srcset=\"https:\/\/asadep.fr\/wp-content\/uploads\/2017\/07\/30-07-05-VETEMENTS-SACERDOTAUX-St-ANDRE-d-H-25-e1499847632218.jpg 2048w, https:\/\/asadep.fr\/wp-content\/uploads\/2017\/07\/30-07-05-VETEMENTS-SACERDOTAUX-St-ANDRE-d-H-25-e1499847632218-300x97.jpg 300w, https:\/\/asadep.fr\/wp-content\/uploads\/2017\/07\/30-07-05-VETEMENTS-SACERDOTAUX-St-ANDRE-d-H-25-e1499847632218-768x248.jpg 768w, https:\/\/asadep.fr\/wp-content\/uploads\/2017\/07\/30-07-05-VETEMENTS-SACERDOTAUX-St-ANDRE-d-H-25-e1499847632218-1024x330.jpg 1024w, https:\/\/asadep.fr\/wp-content\/uploads\/2017\/07\/30-07-05-VETEMENTS-SACERDOTAUX-St-ANDRE-d-H-25-e1499847632218-248x80.jpg 248w\" sizes=\"auto, (max-width: 2048px) 100vw, 2048px\" \/>\t\t<\/li>\n\t\t\t\t<li class=\"sow-slider-image\" style=\"visibility: hidden;\" >\n\t\t\t\t\t\t<img loading=\"lazy\" decoding=\"async\" width=\"2048\" height=\"660\" src=\"https:\/\/asadep.fr\/wp-content\/uploads\/2017\/07\/30-07-05-e1499847653672.jpg\" class=\"sow-slider-background-image\" alt=\"\" style=\"\" srcset=\"https:\/\/asadep.fr\/wp-content\/uploads\/2017\/07\/30-07-05-e1499847653672.jpg 2048w, https:\/\/asadep.fr\/wp-content\/uploads\/2017\/07\/30-07-05-e1499847653672-300x97.jpg 300w, https:\/\/asadep.fr\/wp-content\/uploads\/2017\/07\/30-07-05-e1499847653672-768x248.jpg 768w, https:\/\/asadep.fr\/wp-content\/uploads\/2017\/07\/30-07-05-e1499847653672-1024x330.jpg 1024w, https:\/\/asadep.fr\/wp-content\/uploads\/2017\/07\/30-07-05-e1499847653672-248x80.jpg 248w\" sizes=\"auto, (max-width: 2048px) 100vw, 2048px\" \/>\t\t<\/li>\n\t\t\t\t<li class=\"sow-slider-image\" style=\"visibility: hidden;\" >\n\t\t\t\t\t\t<img loading=\"lazy\" decoding=\"async\" width=\"2048\" height=\"660\" src=\"https:\/\/asadep.fr\/wp-content\/uploads\/2017\/07\/19-03-05-e1499847683888.jpg\" class=\"sow-slider-background-image\" alt=\"\" style=\"\" srcset=\"https:\/\/asadep.fr\/wp-content\/uploads\/2017\/07\/19-03-05-e1499847683888.jpg 2048w, https:\/\/asadep.fr\/wp-content\/uploads\/2017\/07\/19-03-05-e1499847683888-300x97.jpg 300w, https:\/\/asadep.fr\/wp-content\/uploads\/2017\/07\/19-03-05-e1499847683888-768x248.jpg 768w, https:\/\/asadep.fr\/wp-content\/uploads\/2017\/07\/19-03-05-e1499847683888-1024x330.jpg 1024w, https:\/\/asadep.fr\/wp-content\/uploads\/2017\/07\/19-03-05-e1499847683888-248x80.jpg 248w\" sizes=\"auto, (max-width: 2048px) 100vw, 2048px\" \/>\t\t<\/li>\n\t\t<\/ul>\t\t\t\t<ol class=\"sow-slider-pagination\">\n\t\t\t\t\t\t\t\t\t\t\t<li><a href=\"#\" data-goto=\"0\" aria-label=\"Display slide 1\"><\/a><\/li>\n\t\t\t\t\t\t\t\t\t\t\t<li><a href=\"#\" data-goto=\"1\" aria-label=\"Display slide 2\"><\/a><\/li>\n\t\t\t\t\t\t\t\t\t\t\t<li><a href=\"#\" data-goto=\"2\" aria-label=\"Display slide 3\"><\/a><\/li>\n\t\t\t\t\t\t\t\t\t\t\t<li><a href=\"#\" data-goto=\"3\" aria-label=\"Display slide 4\"><\/a><\/li>\n\t\t\t\t\t\t\t\t\t\t\t<li><a href=\"#\" data-goto=\"4\" aria-label=\"Display slide 5\"><\/a><\/li>\n\t\t\t\t\t\t\t\t\t\t\t<li><a href=\"#\" data-goto=\"5\" aria-label=\"Display slide 6\"><\/a><\/li>\n\t\t\t\t\t\t\t\t\t\t\t<li><a href=\"#\" data-goto=\"6\" aria-label=\"Display slide 7\"><\/a><\/li>\n\t\t\t\t\t\t\t\t\t<\/ol>\n\n\t\t\t\t<div class=\"sow-slide-nav sow-slide-nav-next\">\n\t\t\t\t\t<a href=\"#\" data-goto=\"next\" aria-label=\"Next slide\" data-action=\"next\">\n\t\t\t\t\t\t<em class=\"sow-sld-icon-thin-right\"><\/em>\n\t\t\t\t\t<\/a>\n\t\t\t\t<\/div>\n\n\t\t\t\t<div class=\"sow-slide-nav sow-slide-nav-prev\">\n\t\t\t\t\t<a href=\"#\" data-goto=\"previous\" aria-label=\"Previous slide\" data-action=\"prev\">\n\t\t\t\t\t\t<em class=\"sow-sld-icon-thin-left\"><\/em>\n\t\t\t\t\t<\/a>\n\t\t\t\t<\/div>\n\t\t\t\t<\/div><\/div><\/div><\/div><\/div><div id=\"pg-612-1\"  class=\"panel-grid panel-no-style\" ><div id=\"pgc-612-1-0\"  class=\"panel-grid-cell panel-grid-cell-empty\" ><\/div><div id=\"pgc-612-1-1\"  class=\"panel-grid-cell panel-grid-cell-mobile-last\" ><div id=\"panel-612-1-1-0\" class=\"so-panel widget widget_sow-editor panel-first-child panel-last-child\" data-index=\"1\" ><div\n\t\t\t\n\t\t\tclass=\"so-widget-sow-editor so-widget-sow-editor-base\"\n\t\t\t\n\t\t>\n<div class=\"siteorigin-widget-tinymce textwidget\">\n\t<h1 style=\"text-align: center;\"><span class=\"titre\"><span class=\"\" style=\"display:block;clear:both;height: 0px;padding-top: 20px;border-top-width:0px;border-bottom-width:0px;\"><\/span>Liens utiles<\/span><\/h1>\n<\/div>\n<\/div><\/div><\/div><div id=\"pgc-612-1-2\"  class=\"panel-grid-cell panel-grid-cell-empty\" ><\/div><\/div><div id=\"pg-612-2\"  class=\"panel-grid panel-no-style\" ><div id=\"pgc-612-2-0\"  class=\"panel-grid-cell panel-grid-cell-empty\" ><\/div><div id=\"pgc-612-2-1\"  class=\"panel-grid-cell\" ><div id=\"panel-612-2-1-0\" class=\"so-panel widget widget_sow-editor panel-first-child\" data-index=\"2\" ><div\n\t\t\t\n\t\t\tclass=\"so-widget-sow-editor so-widget-sow-editor-base\"\n\t\t\t\n\t\t>\n<div class=\"siteorigin-widget-tinymce textwidget\">\n\t<h2 style=\"text-align: center;\"><span class=\"sous-titre\"><span class=\"\" style=\"display:block;clear:both;height: 0px;padding-top: 20px;border-top-width:0px;border-bottom-width:0px;\"><\/span>Saint Andr\u00e9 d'H\u00e9bertot &amp; Environs<\/span><\/h2>\n<p style=\"text-align: justify;\"><span class=\"texte\"><a href=\"http:\/\/www.saintandredhebertot.fr\/\" target=\"_blank\" rel=\"noopener\">Saint Andr\u00e9 d'H\u00e9bertot - Municipalit\u00e9<\/a><br \/>\n<\/span><span class=\"texte\"><a href=\"https:\/\/fr.geneawiki.com\/index.php\/14555_-_Saint-Andr%C3%A9-d%27H%C3%A9bertot\" target=\"_blank\" rel=\"noopener\">Saint Andr\u00e9 d'H\u00e9bertot - G\u00e9n\u00e9aWiki<\/a><br \/>\n<\/span><span class=\"texte\"><a href=\"https:\/\/fr.wikipedia.org\/wiki\/Saint-Andr%C3%A9-d'H%C3%A9bertot\" target=\"_blank\" rel=\"noopener\">Saint Andr\u00e9 d'H\u00e9bertot - Wikip\u00e9dia<\/a><br \/>\n<a href=\"https:\/\/www.saintbenoitdhebertot.fr\/\" target=\"_blank\" rel=\"noopener\">Saint Beno\u00eet d'H\u00e9bertot<\/a><br \/>\n<a href=\"http:\/\/www.la-thironniere.com\/\" target=\"_blank\" rel=\"noopener\">Centre Equestre de La Thironni\u00e8re<\/a><br \/>\n<a href=\"http:\/\/boissel-pere-et-fils.fr\/\" target=\"_blank\" rel=\"noopener\">GAEC Boissel<\/a><br \/>\n<a href=\"http:\/\/claude.demange.les-authieux.pagesperso-orange.fr\/\" target=\"_blank\" rel=\"noopener\">Les Authieux sur Calonne<\/a><br \/>\n<a href=\"http:\/\/www.ouest-france.fr\/normandie\/saint-andre-dhebertot-14130\/\" target=\"_blank\" rel=\"noopener\">Nouvelles sur Ouest-France<\/a><span class=\"\" style=\"display:block;clear:both;height: 0px;padding-top: 10px;border-top-width:0px;border-bottom-width:0px;\"><\/span><\/span><\/p>\n<\/div>\n<\/div><\/div><div id=\"panel-612-2-1-1\" class=\"so-panel widget widget_sow-editor\" data-index=\"3\" ><div\n\t\t\t\n\t\t\tclass=\"so-widget-sow-editor so-widget-sow-editor-base\"\n\t\t\t\n\t\t>\n<div class=\"siteorigin-widget-tinymce textwidget\">\n\t<h2 style=\"text-align: center;\"><span class=\"sous-titre\"><span class=\"\" style=\"display:block;clear:both;height: 0px;padding-top: 20px;border-top-width:0px;border-bottom-width:0px;\"><\/span>Divers<\/span><\/h2>\n<p style=\"text-align: justify;\"><span class=\"texte\"><a href=\"http:\/\/gilbert.guillotin.pagesperso-orange.fr\/\" target=\"_blank\" rel=\"noopener\">Aquarelles Gilbert Guillotin<\/a><br \/>\n<a href=\"http:\/\/www.carte-postale.net\/\" target=\"_blank\" rel=\"noopener\">Editions Alain Baudry<\/a><br \/>\n<a href=\"https:\/\/www.geoportail.gouv.fr\/carte?c=0.2778975555416098,49.31273062004308&amp;z=0.000042915344234460806&amp;l=ORTHOIMAGERY.ORTHOPHOTOS::GEOPORTAIL:OGC:WMTS(1)&amp;permalink=yes\" target=\"_blank\" rel=\"noopener\">G\u00e9oportail: Saint Andr\u00e9<\/a><br \/>\n<a href=\"http:\/\/www.ouest-france.fr\/\" target=\"_blank\" rel=\"noopener\">Journal Ouest France<\/a><br \/>\n<a href=\"http:\/\/www.bmlisieux.com\/\" target=\"_blank\" rel=\"noopener\">La Biblioth\u00e8que Electronique de Lisieux<\/a><br \/>\n<a href=\"https:\/\/www.fondation-patrimoine.org\/\" target=\"_blank\" rel=\"noopener\">La Fondation du Patrimoine<\/a><br \/>\n<a href=\"http:\/\/www.france-pittoresque.com\/\" target=\"_blank\" rel=\"noopener\">La France Pittoresque<\/a><br \/>\n<a href=\"http:\/\/www.patrimoine-religieux.fr\/\" target=\"_blank\" rel=\"noopener\">Observatoire du Patrimoine religieux<\/a><br \/>\n<a href=\"https:\/\/gregorywait.odexpo.com\/pro_page.asp?page=16489&amp;lg=\" target=\"_blank\" rel=\"noopener\">Photos Calvados de Gregory Wait<\/a><br \/>\n<a href=\"http:\/\/lachaumierevauquelin.com\/fr_gite_normand.html\" target=\"_blank\" rel=\"noopener\">Location de g\u00eete normand<\/a> \/ <a href=\"http:\/\/lachaumierevauquelin.com\/en_normandy_cottage.html\" target=\"_blank\" rel=\"noopener\">Normandy cottage rentals<\/a><span class=\"\" style=\"display:block;clear:both;height: 0px;padding-top: 10px;border-top-width:0px;border-bottom-width:0px;\"><\/span><\/span><\/p>\n<\/div>\n<\/div><\/div><div id=\"panel-612-2-1-2\" class=\"so-panel widget widget_sow-slider panel-last-child\" data-index=\"4\" ><div\n\t\t\t\n\t\t\tclass=\"so-widget-sow-slider so-widget-sow-slider-default-6d39609536fd-612\"\n\t\t\t\n\t\t>\t\t\t\t<div class=\"sow-slider-base\" style=\"display: none\" tabindex=\"0\">\n\t\t\t\t\t<ul\n\t\t\t\t\tclass=\"sow-slider-images\"\n\t\t\t\t\tdata-settings=\"{&quot;pagination&quot;:true,&quot;speed&quot;:800,&quot;timeout&quot;:8000,&quot;paused&quot;:false,&quot;pause_on_hover&quot;:false,&quot;swipe&quot;:true,&quot;nav_always_show_desktop&quot;:&quot;&quot;,&quot;nav_always_show_mobile&quot;:&quot;&quot;,&quot;breakpoint&quot;:&quot;780px&quot;,&quot;unmute&quot;:false,&quot;anchor&quot;:null}\"\n\t\t\t\t\t\t\t\t\t\tdata-anchor-id=\"\"\n\t\t\t\t>\t\t<li class=\"sow-slider-image\" style=\"visibility: visible;\" >\n\t\t\t\t\t\t<img loading=\"lazy\" decoding=\"async\" width=\"389\" height=\"519\" src=\"https:\/\/asadep.fr\/wp-content\/uploads\/2017\/06\/DSC01848mod1.jpg\" class=\"sow-slider-background-image\" alt=\"\" style=\"\" srcset=\"https:\/\/asadep.fr\/wp-content\/uploads\/2017\/06\/DSC01848mod1.jpg 389w, https:\/\/asadep.fr\/wp-content\/uploads\/2017\/06\/DSC01848mod1-225x300.jpg 225w, https:\/\/asadep.fr\/wp-content\/uploads\/2017\/06\/DSC01848mod1-60x80.jpg 60w\" sizes=\"auto, (max-width: 389px) 100vw, 389px\" \/>\t\t<\/li>\n\t\t\t\t<li class=\"sow-slider-image\" style=\"visibility: hidden;\" >\n\t\t\t\t\t\t<img loading=\"lazy\" decoding=\"async\" width=\"480\" height=\"640\" src=\"https:\/\/asadep.fr\/wp-content\/uploads\/2017\/06\/DSC01902.jpg\" class=\"sow-slider-background-image\" alt=\"\" style=\"\" srcset=\"https:\/\/asadep.fr\/wp-content\/uploads\/2017\/06\/DSC01902.jpg 480w, https:\/\/asadep.fr\/wp-content\/uploads\/2017\/06\/DSC01902-225x300.jpg 225w, https:\/\/asadep.fr\/wp-content\/uploads\/2017\/06\/DSC01902-60x80.jpg 60w\" sizes=\"auto, (max-width: 480px) 100vw, 480px\" \/>\t\t<\/li>\n\t\t<\/ul>\t\t\t\t<ol class=\"sow-slider-pagination\">\n\t\t\t\t\t\t\t\t\t\t\t<li><a href=\"#\" data-goto=\"0\" aria-label=\"Display slide 1\"><\/a><\/li>\n\t\t\t\t\t\t\t\t\t\t\t<li><a href=\"#\" data-goto=\"1\" aria-label=\"Display slide 2\"><\/a><\/li>\n\t\t\t\t\t\t\t\t\t<\/ol>\n\n\t\t\t\t<div class=\"sow-slide-nav sow-slide-nav-next\">\n\t\t\t\t\t<a href=\"#\" data-goto=\"next\" aria-label=\"Next slide\" data-action=\"next\">\n\t\t\t\t\t\t<em class=\"sow-sld-icon-thin-right\"><\/em>\n\t\t\t\t\t<\/a>\n\t\t\t\t<\/div>\n\n\t\t\t\t<div class=\"sow-slide-nav sow-slide-nav-prev\">\n\t\t\t\t\t<a href=\"#\" data-goto=\"previous\" aria-label=\"Previous slide\" data-action=\"prev\">\n\t\t\t\t\t\t<em class=\"sow-sld-icon-thin-left\"><\/em>\n\t\t\t\t\t<\/a>\n\t\t\t\t<\/div>\n\t\t\t\t<\/div><\/div><\/div><\/div><div id=\"pgc-612-2-2\"  class=\"panel-grid-cell panel-grid-cell-mobile-last\" ><div id=\"panel-612-2-2-0\" class=\"so-panel widget widget_sow-editor panel-first-child panel-last-child\" data-index=\"5\" ><div\n\t\t\t\n\t\t\tclass=\"so-widget-sow-editor so-widget-sow-editor-base\"\n\t\t\t\n\t\t>\n<div class=\"siteorigin-widget-tinymce textwidget\">\n\t<h2 style=\"text-align: center;\"><span class=\"sous-titre\"><span class=\"\" style=\"display:block;clear:both;height: 0px;padding-top: 20px;border-top-width:0px;border-bottom-width:0px;\"><\/span>Pays d'Auge &amp; Normandie<\/span><\/h2>\n<p style=\"text-align: justify;\"><span class=\"texte\"><a href=\"https:\/\/archives.calvados.fr\" target=\"_blank\" rel=\"noopener\">Archives Num\u00e9ris\u00e9es du Calvados<\/a><br \/>\n<a href=\"http:\/\/www.beaumontenauge.fr\/\" target=\"_blank\" rel=\"noopener\">Beaumont en Auge<\/a><br \/>\n<a href=\"http:\/\/www.blangy-le-chateau.fr\/\" target=\"_blank\" rel=\"noopener\">Blangy le Ch\u00e2teau<\/a><br \/>\n<a href=\"https:\/\/www.bonneville-la-louvet.fr\/\">Bonneville la Louvet<\/a><br \/>\n<a href=\"https:\/\/www.calvados.fr\/accueil.html\" target=\"_blank\" rel=\"noopener\">Calvados - D\u00e9partement<\/a><br \/>\n<a href=\"https:\/\/www.calvados-experience.com\/\" target=\"_blank\" rel=\"noopener\">Calvados Experience<\/a><br \/>\n<a href=\"http:\/\/www.calvados.net\/index.htm\" target=\"_blank\" rel=\"noopener\">Calvados Net<\/a><br \/>\n<a href=\"http:\/\/cambremer.free.fr\/\" target=\"_blank\" rel=\"noopener\">Cambremer<\/a><br \/>\n<a href=\"http:\/\/www.camembert.eu\/\" target=\"_blank\" rel=\"noopener\">Camembert<\/a><br \/>\n<a href=\"http:\/\/www.campinglebrevedent.com\/\" target=\"_blank\" rel=\"noopener\">Castel Camping Le Br\u00e9vedent<\/a><br \/>\n<a href=\"http:\/\/www.caue14.fr\/\" target=\"_blank\" rel=\"noopener\">CAUE du Calvados<\/a><br \/>\n<a href=\"https:\/\/www.seine-estuaire.cci.fr\/\" target=\"_blank\" rel=\"noopener\">CCI du Pays d'Auge<\/a><br \/>\n<a href=\"http:\/\/www.pontleveque.fr\/web\/les_dominicaines.html\" target=\"_blank\" rel=\"noopener\">Centre Culturel des Dominicaines<\/a><br \/>\n<a href=\"http:\/\/www.brevedentequitation.fr\/\" target=\"_blank\" rel=\"noopener\">Centre Hippique du Br\u00e9vedent<\/a><br \/>\n<a href=\"http:\/\/www.cormeillesenpaysdauge.com\/\" target=\"_blank\" rel=\"noopener\">Cormeilles<\/a><br \/>\n<a href=\"https:\/\/www.mairie-deauville.fr\/\">Deauville - Municipalit\u00e9<\/a><br \/>\n<a href=\"http:\/\/www.deauville.fr\/\" target=\"_blank\" rel=\"noopener\">Deauville - Tourisme<\/a><br \/>\n<a href=\"https:\/\/www.ffrandonnee.fr\/\" target=\"_blank\" rel=\"noopener\">F\u00e9d\u00e9ration Fran\u00e7aise de Randonn\u00e9e Pedestre<\/a><br \/>\n<a href=\"http:\/\/www.gites-de-france-calvados.fr\/\" target=\"_blank\" rel=\"noopener\">Gites de France du Calvados<\/a><br \/>\n<a href=\"http:\/\/www.ville-honfleur.com\/\" target=\"_blank\" rel=\"noopener\">Honfleur - Municipalit\u00e9<\/a><br \/>\n<a href=\"http:\/\/www.ot-honfleur.fr\/\" target=\"_blank\" rel=\"noopener\">Honfleur - Office de Tourisme<\/a><br \/>\n<a href=\"http:\/\/www.larouteducidre.fr\/\" target=\"_blank\" rel=\"noopener\">La Route du Cidre en Pays d'Auge<\/a><br \/>\n<a href=\"https:\/\/www.lebreuilenauge.com\/\">Le Breuil en Auge<\/a><br \/>\n<a href=\"http:\/\/www.lisieux-tourisme.com\/\" target=\"_blank\" rel=\"noopener\">Lisieux - Office de Tourisme<\/a><br \/>\n<a href=\"http:\/\/patauge.org\/\" target=\"_blank\" rel=\"noopener\">Montviette Nature en Pays d'Auge<\/a><br \/>\n<a href=\"https:\/\/www.normandie.fr\/\" target=\"_blank\" rel=\"noopener\">Normandie - R\u00e9gion<\/a><br \/>\n<a href=\"http:\/\/www.normandie-tourisme.fr\/\" target=\"_blank\" rel=\"noopener\">Normandie - Tourisme<\/a><br \/>\n<a href=\"http:\/\/www.calvados-pere-magloire.com\/\" target=\"_blank\" rel=\"noopener\">P\u00e8re Magloire<\/a><br \/>\n<a href=\"http:\/\/pierrefitte.en.auge.pagesperso-orange.fr\/\" target=\"_blank\" rel=\"noopener\">Pierrefitte en Auge<\/a><br \/>\n<a href=\"http:\/\/www.pontleveque.fr\/\" target=\"_blank\" rel=\"noopener\">Pont l'Ev\u00eaque Porte du Pays d'Auge<\/a><br \/>\n<a href=\"http:\/\/www.lepaysdauge.org\/\" target=\"_blank\" rel=\"noopener\">Revue \"Le Pays d'Auge\"<\/a><br \/>\n<a href=\"http:\/\/www.saintarnoult14.fr\/\">Saint Arnoult<\/a><br \/>\n<a href=\"https:\/\/surville.com\/\">Surville<\/a><br \/>\n<a href=\"https:\/\/www.terredauge.fr\/\" target=\"_blank\" rel=\"noopener\">Terre d'Auge - <\/a><a href=\"https:\/\/www.terredauge.fr\/\" target=\"_blank\" rel=\"noopener\">Communaut\u00e9 de Communes<\/a><br \/>\n<a href=\"http:\/\/www.blangy-pontleveque.com\/\" target=\"_blank\" rel=\"noopener\">Terre d'Auge - Tourisme<\/a><br \/>\n<a href=\"http:\/\/www.mairiedetouques.fr\/\">Touques - Municipalit\u00e9<\/a><br \/>\n<a href=\"http:\/\/vimoutiers.net\/\" target=\"_blank\" rel=\"noopener\">Vimoutiers<\/a><span class=\"\" style=\"display:block;clear:both;height: 0px;padding-top: 10px;border-top-width:0px;border-bottom-width:0px;\"><\/span><\/span><\/p>\n<\/div>\n<\/div><\/div><\/div><div id=\"pgc-612-2-3\"  class=\"panel-grid-cell panel-grid-cell-empty\" ><\/div><\/div><\/div>","protected":false},"excerpt":{"rendered":"<p>Liens utiles<\/p>\n","protected":false},"author":2,"featured_media":0,"parent":0,"menu_order":0,"comment_status":"closed","ping_status":"closed","template":"template-builder.php","meta":{"footnotes":""},"class_list":["post-612","page","type-page","status-publish","hentry"],"_links":{"self":[{"href":"https:\/\/asadep.fr\/index.php\/wp-json\/wp\/v2\/pages\/612","targetHints":{"allow":["GET"]}}],"collection":[{"href":"https:\/\/asadep.fr\/index.php\/wp-json\/wp\/v2\/pages"}],"about":[{"href":"https:\/\/asadep.fr\/index.php\/wp-json\/wp\/v2\/types\/page"}],"author":[{"embeddable":true,"href":"https:\/\/asadep.fr\/index.php\/wp-json\/wp\/v2\/users\/2"}],"replies":[{"embeddable":true,"href":"https:\/\/asadep.fr\/index.php\/wp-json\/wp\/v2\/comments?post=612"}],"version-history":[{"count":48,"href":"https:\/\/asadep.fr\/index.php\/wp-json\/wp\/v2\/pages\/612\/revisions"}],"predecessor-version":[{"id":1565,"href":"https:\/\/asadep.fr\/index.php\/wp-json\/wp\/v2\/pages\/612\/revisions\/1565"}],"wp:attachment":[{"href":"https:\/\/asadep.fr\/index.php\/wp-json\/wp\/v2\/media?parent=612"}],"curies":[{"name":"wp","href":"https:\/\/api.w.org\/{rel}","templated":true}]}}