{"id":636,"date":"2017-07-17T15:13:17","date_gmt":"2017-07-17T13:13:17","guid":{"rendered":"http:\/\/asadepfrvn.cluster023.hosting.ovh.net\/?page_id=636"},"modified":"2017-07-25T11:53:16","modified_gmt":"2017-07-25T09:53:16","slug":"dossier_histoire","status":"publish","type":"page","link":"https:\/\/asadep.fr\/index.php\/dossier_histoire\/","title":{"rendered":"Histoire de Saint Andr\u00e9 d&rsquo;H\u00e9bertot"},"content":{"rendered":"<div id=\"pl-636\"  class=\"panel-layout\" ><div id=\"pg-636-0\"  class=\"panel-grid panel-no-style\" ><div id=\"pgc-636-0-0\"  class=\"panel-grid-cell\" ><div id=\"panel-636-0-0-0\" class=\"so-panel widget widget_sow-slider panel-first-child panel-last-child\" data-index=\"0\" ><div\n\t\t\t\n\t\t\tclass=\"so-widget-sow-slider so-widget-sow-slider-default-6d39609536fd-636\"\n\t\t\t\n\t\t>\t\t\t\t<div class=\"sow-slider-base\" style=\"display: none\" tabindex=\"0\">\n\t\t\t\t\t<ul\n\t\t\t\t\tclass=\"sow-slider-images\"\n\t\t\t\t\tdata-settings=\"{&quot;pagination&quot;:true,&quot;speed&quot;:800,&quot;timeout&quot;:8000,&quot;paused&quot;:false,&quot;pause_on_hover&quot;:false,&quot;swipe&quot;:true,&quot;nav_always_show_desktop&quot;:&quot;&quot;,&quot;nav_always_show_mobile&quot;:&quot;&quot;,&quot;breakpoint&quot;:&quot;780px&quot;,&quot;unmute&quot;:false,&quot;anchor&quot;:null}\"\n\t\t\t\t\t\t\t\t\t\tdata-anchor-id=\"\"\n\t\t\t\t>\t\t<li class=\"sow-slider-image\" style=\"visibility: visible;\" >\n\t\t\t\t\t\t<img loading=\"lazy\" decoding=\"async\" width=\"1439\" height=\"464\" src=\"https:\/\/asadep.fr\/wp-content\/uploads\/2017\/06\/DSC01908-Large-e1498031113280.jpg\" class=\"sow-slider-background-image\" alt=\"\" style=\"\" srcset=\"https:\/\/asadep.fr\/wp-content\/uploads\/2017\/06\/DSC01908-Large-e1498031113280.jpg 1439w, https:\/\/asadep.fr\/wp-content\/uploads\/2017\/06\/DSC01908-Large-e1498031113280-300x97.jpg 300w, https:\/\/asadep.fr\/wp-content\/uploads\/2017\/06\/DSC01908-Large-e1498031113280-768x248.jpg 768w, https:\/\/asadep.fr\/wp-content\/uploads\/2017\/06\/DSC01908-Large-e1498031113280-1024x330.jpg 1024w, https:\/\/asadep.fr\/wp-content\/uploads\/2017\/06\/DSC01908-Large-e1498031113280-248x80.jpg 248w\" sizes=\"auto, (max-width: 1439px) 100vw, 1439px\" \/>\t\t<\/li>\n\t\t\t\t<li class=\"sow-slider-image\" style=\"visibility: hidden;\" >\n\t\t\t\t\t\t<img loading=\"lazy\" decoding=\"async\" width=\"2011\" height=\"647\" src=\"https:\/\/asadep.fr\/wp-content\/uploads\/2017\/07\/logo-asadep4_milieu-e1500987394422.png\" class=\"sow-slider-background-image\" alt=\"\" style=\"\" srcset=\"https:\/\/asadep.fr\/wp-content\/uploads\/2017\/07\/logo-asadep4_milieu-e1500987394422.png 2011w, https:\/\/asadep.fr\/wp-content\/uploads\/2017\/07\/logo-asadep4_milieu-e1500987394422-300x97.png 300w, https:\/\/asadep.fr\/wp-content\/uploads\/2017\/07\/logo-asadep4_milieu-e1500987394422-768x247.png 768w, https:\/\/asadep.fr\/wp-content\/uploads\/2017\/07\/logo-asadep4_milieu-e1500987394422-1024x329.png 1024w, https:\/\/asadep.fr\/wp-content\/uploads\/2017\/07\/logo-asadep4_milieu-e1500987394422-249x80.png 249w\" sizes=\"auto, (max-width: 2011px) 100vw, 2011px\" \/>\t\t<\/li>\n\t\t\t\t<li class=\"sow-slider-image\" style=\"visibility: hidden;\" >\n\t\t\t\t\t\t<img loading=\"lazy\" decoding=\"async\" width=\"2048\" height=\"660\" src=\"https:\/\/asadep.fr\/wp-content\/uploads\/2017\/07\/SAINT-ANDRE-e1499847571565.jpg\" class=\"sow-slider-background-image\" alt=\"\" style=\"\" srcset=\"https:\/\/asadep.fr\/wp-content\/uploads\/2017\/07\/SAINT-ANDRE-e1499847571565.jpg 2048w, https:\/\/asadep.fr\/wp-content\/uploads\/2017\/07\/SAINT-ANDRE-e1499847571565-300x97.jpg 300w, https:\/\/asadep.fr\/wp-content\/uploads\/2017\/07\/SAINT-ANDRE-e1499847571565-768x248.jpg 768w, https:\/\/asadep.fr\/wp-content\/uploads\/2017\/07\/SAINT-ANDRE-e1499847571565-1024x330.jpg 1024w, https:\/\/asadep.fr\/wp-content\/uploads\/2017\/07\/SAINT-ANDRE-e1499847571565-248x80.jpg 248w\" sizes=\"auto, (max-width: 2048px) 100vw, 2048px\" \/>\t\t<\/li>\n\t\t\t\t<li class=\"sow-slider-image\" style=\"visibility: hidden;\" >\n\t\t\t\t\t\t<img loading=\"lazy\" decoding=\"async\" width=\"1536\" height=\"496\" src=\"https:\/\/asadep.fr\/wp-content\/uploads\/2017\/07\/24-06-06-FEU-de-la-St-jEAN-25-e1499847601576.jpg\" class=\"sow-slider-background-image\" alt=\"\" style=\"\" srcset=\"https:\/\/asadep.fr\/wp-content\/uploads\/2017\/07\/24-06-06-FEU-de-la-St-jEAN-25-e1499847601576.jpg 1536w, https:\/\/asadep.fr\/wp-content\/uploads\/2017\/07\/24-06-06-FEU-de-la-St-jEAN-25-e1499847601576-300x97.jpg 300w, https:\/\/asadep.fr\/wp-content\/uploads\/2017\/07\/24-06-06-FEU-de-la-St-jEAN-25-e1499847601576-768x248.jpg 768w, https:\/\/asadep.fr\/wp-content\/uploads\/2017\/07\/24-06-06-FEU-de-la-St-jEAN-25-e1499847601576-1024x331.jpg 1024w, https:\/\/asadep.fr\/wp-content\/uploads\/2017\/07\/24-06-06-FEU-de-la-St-jEAN-25-e1499847601576-248x80.jpg 248w\" sizes=\"auto, (max-width: 1536px) 100vw, 1536px\" \/>\t\t<\/li>\n\t\t\t\t<li class=\"sow-slider-image\" style=\"visibility: hidden;\" >\n\t\t\t\t\t\t<img loading=\"lazy\" decoding=\"async\" width=\"2048\" height=\"660\" src=\"https:\/\/asadep.fr\/wp-content\/uploads\/2017\/07\/30-07-05-VETEMENTS-SACERDOTAUX-St-ANDRE-d-H-25-e1499847632218.jpg\" class=\"sow-slider-background-image\" alt=\"\" style=\"\" srcset=\"https:\/\/asadep.fr\/wp-content\/uploads\/2017\/07\/30-07-05-VETEMENTS-SACERDOTAUX-St-ANDRE-d-H-25-e1499847632218.jpg 2048w, https:\/\/asadep.fr\/wp-content\/uploads\/2017\/07\/30-07-05-VETEMENTS-SACERDOTAUX-St-ANDRE-d-H-25-e1499847632218-300x97.jpg 300w, https:\/\/asadep.fr\/wp-content\/uploads\/2017\/07\/30-07-05-VETEMENTS-SACERDOTAUX-St-ANDRE-d-H-25-e1499847632218-768x248.jpg 768w, https:\/\/asadep.fr\/wp-content\/uploads\/2017\/07\/30-07-05-VETEMENTS-SACERDOTAUX-St-ANDRE-d-H-25-e1499847632218-1024x330.jpg 1024w, https:\/\/asadep.fr\/wp-content\/uploads\/2017\/07\/30-07-05-VETEMENTS-SACERDOTAUX-St-ANDRE-d-H-25-e1499847632218-248x80.jpg 248w\" sizes=\"auto, (max-width: 2048px) 100vw, 2048px\" \/>\t\t<\/li>\n\t\t\t\t<li class=\"sow-slider-image\" style=\"visibility: hidden;\" >\n\t\t\t\t\t\t<img loading=\"lazy\" decoding=\"async\" width=\"2048\" height=\"660\" src=\"https:\/\/asadep.fr\/wp-content\/uploads\/2017\/07\/30-07-05-e1499847653672.jpg\" class=\"sow-slider-background-image\" alt=\"\" style=\"\" srcset=\"https:\/\/asadep.fr\/wp-content\/uploads\/2017\/07\/30-07-05-e1499847653672.jpg 2048w, https:\/\/asadep.fr\/wp-content\/uploads\/2017\/07\/30-07-05-e1499847653672-300x97.jpg 300w, https:\/\/asadep.fr\/wp-content\/uploads\/2017\/07\/30-07-05-e1499847653672-768x248.jpg 768w, https:\/\/asadep.fr\/wp-content\/uploads\/2017\/07\/30-07-05-e1499847653672-1024x330.jpg 1024w, https:\/\/asadep.fr\/wp-content\/uploads\/2017\/07\/30-07-05-e1499847653672-248x80.jpg 248w\" sizes=\"auto, (max-width: 2048px) 100vw, 2048px\" \/>\t\t<\/li>\n\t\t\t\t<li class=\"sow-slider-image\" style=\"visibility: hidden;\" >\n\t\t\t\t\t\t<img loading=\"lazy\" decoding=\"async\" width=\"2048\" height=\"660\" src=\"https:\/\/asadep.fr\/wp-content\/uploads\/2017\/07\/19-03-05-e1499847683888.jpg\" class=\"sow-slider-background-image\" alt=\"\" style=\"\" srcset=\"https:\/\/asadep.fr\/wp-content\/uploads\/2017\/07\/19-03-05-e1499847683888.jpg 2048w, https:\/\/asadep.fr\/wp-content\/uploads\/2017\/07\/19-03-05-e1499847683888-300x97.jpg 300w, https:\/\/asadep.fr\/wp-content\/uploads\/2017\/07\/19-03-05-e1499847683888-768x248.jpg 768w, https:\/\/asadep.fr\/wp-content\/uploads\/2017\/07\/19-03-05-e1499847683888-1024x330.jpg 1024w, https:\/\/asadep.fr\/wp-content\/uploads\/2017\/07\/19-03-05-e1499847683888-248x80.jpg 248w\" sizes=\"auto, (max-width: 2048px) 100vw, 2048px\" \/>\t\t<\/li>\n\t\t<\/ul>\t\t\t\t<ol class=\"sow-slider-pagination\">\n\t\t\t\t\t\t\t\t\t\t\t<li><a href=\"#\" data-goto=\"0\" aria-label=\"Display slide 1\"><\/a><\/li>\n\t\t\t\t\t\t\t\t\t\t\t<li><a href=\"#\" data-goto=\"1\" aria-label=\"Display slide 2\"><\/a><\/li>\n\t\t\t\t\t\t\t\t\t\t\t<li><a href=\"#\" data-goto=\"2\" aria-label=\"Display slide 3\"><\/a><\/li>\n\t\t\t\t\t\t\t\t\t\t\t<li><a href=\"#\" data-goto=\"3\" aria-label=\"Display slide 4\"><\/a><\/li>\n\t\t\t\t\t\t\t\t\t\t\t<li><a href=\"#\" data-goto=\"4\" aria-label=\"Display slide 5\"><\/a><\/li>\n\t\t\t\t\t\t\t\t\t\t\t<li><a href=\"#\" data-goto=\"5\" aria-label=\"Display slide 6\"><\/a><\/li>\n\t\t\t\t\t\t\t\t\t\t\t<li><a href=\"#\" data-goto=\"6\" aria-label=\"Display slide 7\"><\/a><\/li>\n\t\t\t\t\t\t\t\t\t<\/ol>\n\n\t\t\t\t<div class=\"sow-slide-nav sow-slide-nav-next\">\n\t\t\t\t\t<a href=\"#\" data-goto=\"next\" aria-label=\"Next slide\" data-action=\"next\">\n\t\t\t\t\t\t<em class=\"sow-sld-icon-thin-right\"><\/em>\n\t\t\t\t\t<\/a>\n\t\t\t\t<\/div>\n\n\t\t\t\t<div class=\"sow-slide-nav sow-slide-nav-prev\">\n\t\t\t\t\t<a href=\"#\" data-goto=\"previous\" aria-label=\"Previous slide\" data-action=\"prev\">\n\t\t\t\t\t\t<em class=\"sow-sld-icon-thin-left\"><\/em>\n\t\t\t\t\t<\/a>\n\t\t\t\t<\/div>\n\t\t\t\t<\/div><\/div><\/div><\/div><\/div><div id=\"pg-636-1\"  class=\"panel-grid panel-no-style\" ><div id=\"pgc-636-1-0\"  class=\"panel-grid-cell panel-grid-cell-empty\" ><\/div><div id=\"pgc-636-1-1\"  class=\"panel-grid-cell panel-grid-cell-mobile-last\" ><div id=\"panel-636-1-1-0\" class=\"so-panel widget widget_sow-editor panel-first-child panel-last-child\" data-index=\"1\" ><div\n\t\t\t\n\t\t\tclass=\"so-widget-sow-editor so-widget-sow-editor-base\"\n\t\t\t\n\t\t>\n<div class=\"siteorigin-widget-tinymce textwidget\">\n\t<h1 style=\"text-align: center;\"><span class=\"titre\"><span class=\"\" style=\"display:block;clear:both;height: 0px;padding-top: 20px;border-top-width:0px;border-bottom-width:0px;\"><\/span>Histoire de Saint Andr\u00e9 d'H\u00e9bertot<span class=\"\" style=\"display:block;clear:both;height: 0px;padding-top: 20px;border-top-width:0px;border-bottom-width:0px;\"><\/span><\/span><\/h1>\n<\/div>\n<\/div><\/div><\/div><div id=\"pgc-636-1-2\"  class=\"panel-grid-cell panel-grid-cell-empty\" ><\/div><\/div><div id=\"pg-636-2\"  class=\"panel-grid panel-no-style\" ><div id=\"pgc-636-2-0\"  class=\"panel-grid-cell panel-grid-cell-empty\" ><\/div><div id=\"pgc-636-2-1\"  class=\"panel-grid-cell\" ><div id=\"panel-636-2-1-0\" class=\"so-panel widget widget_sow-editor panel-first-child panel-last-child\" data-index=\"2\" ><div\n\t\t\t\n\t\t\tclass=\"so-widget-sow-editor so-widget-sow-editor-base\"\n\t\t\t\n\t\t>\n<div class=\"siteorigin-widget-tinymce textwidget\">\n\t<p style=\"text-align: justify;\"><span class=\"texte\">Il serait fort int\u00e9ressant de savoir si l'\u00e9tablissement du christianisme a pr\u00e9c\u00e9d\u00e9, dans cette contr\u00e9e, l'invasion normande.<br \/>\nDans les premiers temps, H\u00e9bertot devait \u00eatre un pays bien sauvage.<br \/>\nSon territoire \u00e9tait en grande partie couvert d'une antique for\u00eat; les habitants \u00e9taient donc rares et peut-\u00eatre livr\u00e9s aux superstitions pa\u00efennes longtemps apr\u00e8s la conversion des villes.<br \/>\nOrigine du nom:<br \/>\nTout porte \u00e0 croire que dans le voisinage d'un village qui portait son nom, les habitants d'H\u00e9bertot devaient avoir quelques teintures de la doctrine du Comte-Ev\u00eaque ainsi que de sa religion.<br \/>\nLe nom \"HEBERT\" \u00e9tait tr\u00e8s r\u00e9pandu chez les Normands. Le mot \"TOT\", abr\u00e9g\u00e9 de tofta, qui en langage saxon signifie masure, maison ou emplacement d'un b\u00e2timent, para\u00eet corroborer l'id\u00e9e que l'\u00e9tymologie du nom H\u00e9bertot n'est autre que \"maison d'H\u00e9bert\".<br \/>\nLe nom d'H\u00e9bertot peut \u00e9galement \u00eatre associ\u00e9 \u00e0 d'autres origines. Les noms de lieu ont subi presque tous des alt\u00e9rations au cours des si\u00e8cles. Depuis l'occupation romaine, les diff\u00e9rentes invasions barbares ont corrompu le langage. Ainsi on a dit Hebertot, H\u00e9bertot, H\u00e9bretot, Hesbertot , Herbertot.<br \/>\nDepuis la fin du XV\u00e8me si\u00e8cle, les manuscrits du Chartier d'H\u00e9bertot portent g\u00e9n\u00e9ralement Hesbertot ou H\u00e9bertot. Chez les anciens Gaulois, les lieux les plus religieusement v\u00e9n\u00e9r\u00e9s portaient ordinairement le nom de leurs divinit\u00e9s joint \u00e0 un autre mot exprimant une particularit\u00e9 locale.<br \/>\nC'est ainsi que fut appel\u00e9 Montjoie, la montagne d\u00e9di\u00e9e \u00e0 Jupiter, Hermival le vallon d\u00e9di\u00e9 \u00e0 Mercure le dieu du commerce et des voleurs. Le dieu Thot, quant \u00e0 lui, \u00e9tait ador\u00e9 par les Gaulois.<br \/>\nLe mot H\u00e9bert indique une circonstance locale. Il est sans doute d\u00e9riv\u00e9 du mot Herb\u00e9 (herba qui signifie herbe). Cette d\u00e9rivation est commune \u00e0 beaucoup d'autres lieux: les Herbiers, Herbipolis, Herbaria, Herbon, Herbemont et dans notre canton Manerbe.<br \/>\nQuant au mot Thot, l'histoire nous apprend que ce Thot \u00e9tait la principale divinit\u00e9 des Gaulois en l'honneur de laquelle ils br\u00fblaient des hommes vivants, dans des paniers en osier.<br \/>\nCe Thot ou Teutat\u00e8s avait r\u00e9gn\u00e9 en Egypte sous le nom d'Athot\u00e8s ou de Thot. Les Egyptiens apr\u00e8s sa mort en firent un dieu.<br \/>\nLes Gaulois aussi superstitieux que les Egyptiens adopt\u00e8rent Teutal\u00e8s et lui dress\u00e8rent des autels en plusieurs lieux soit sous le nom de Thot ou d'Herm\u00e8s.<br \/>\nPour nous convaincre que le nom d'H\u00e9bertot renferme le nom d'une divinit\u00e9 gauloise il faut se rappeler que le village se trouve dans le voisinage du village des Authieux, originairement les Autels, centre et chef-lieu du culte druidique.<br \/>\nCes deux endroits \u00e9taient on ne peut plus solitaires, constitu\u00e9s d'une for\u00eat \u00e9paisse entour\u00e9e de fertiles p\u00e2turages.<br \/>\nIl pouvait donc \u00eatre ais\u00e9 de trouver des victimes \u00e0 immoler sur les autels de Thot dans la plus grande discr\u00e9tion et du bois pour le b\u00fbcher.<br \/>\nEnfin, il ne faut pas oublier que les druides \u00e9taient, chez les Gaulois, les ministres de la religion pa\u00efenne. Leur nom celtique signifie ch\u00eane.<\/span><\/p>\n<\/div>\n<\/div><\/div><\/div><div id=\"pgc-636-2-2\"  class=\"panel-grid-cell panel-grid-cell-mobile-last\" ><div id=\"panel-636-2-2-0\" class=\"so-panel widget widget_sow-slider panel-first-child\" data-index=\"3\" ><div\n\t\t\t\n\t\t\tclass=\"so-widget-sow-slider so-widget-sow-slider-default-6d39609536fd-636\"\n\t\t\t\n\t\t>\t\t\t\t<div class=\"sow-slider-base\" style=\"display: none\" tabindex=\"0\">\n\t\t\t\t\t<ul\n\t\t\t\t\tclass=\"sow-slider-images\"\n\t\t\t\t\tdata-settings=\"{&quot;pagination&quot;:true,&quot;speed&quot;:800,&quot;timeout&quot;:8000,&quot;paused&quot;:false,&quot;pause_on_hover&quot;:false,&quot;swipe&quot;:true,&quot;nav_always_show_desktop&quot;:&quot;&quot;,&quot;nav_always_show_mobile&quot;:&quot;&quot;,&quot;breakpoint&quot;:&quot;780px&quot;,&quot;unmute&quot;:false,&quot;anchor&quot;:null}\"\n\t\t\t\t\t\t\t\t\t\tdata-anchor-id=\"\"\n\t\t\t\t>\t\t<li class=\"sow-slider-image\" style=\"visibility: visible;\" >\n\t\t\t\t\t\t<img loading=\"lazy\" decoding=\"async\" width=\"640\" height=\"480\" src=\"https:\/\/asadep.fr\/wp-content\/uploads\/2017\/07\/DSC01860.jpg\" class=\"sow-slider-background-image\" alt=\"\" style=\"\" srcset=\"https:\/\/asadep.fr\/wp-content\/uploads\/2017\/07\/DSC01860.jpg 640w, https:\/\/asadep.fr\/wp-content\/uploads\/2017\/07\/DSC01860-300x225.jpg 300w, https:\/\/asadep.fr\/wp-content\/uploads\/2017\/07\/DSC01860-107x80.jpg 107w\" sizes=\"auto, (max-width: 640px) 100vw, 640px\" \/>\t\t<\/li>\n\t\t<\/ul>\t\t\t\t<ol class=\"sow-slider-pagination\">\n\t\t\t\t\t\t\t\t\t\t\t<li><a href=\"#\" data-goto=\"0\" aria-label=\"Display slide 1\"><\/a><\/li>\n\t\t\t\t\t\t\t\t\t<\/ol>\n\n\t\t\t\t<div class=\"sow-slide-nav sow-slide-nav-next\">\n\t\t\t\t\t<a href=\"#\" data-goto=\"next\" aria-label=\"Next slide\" data-action=\"next\">\n\t\t\t\t\t\t<em class=\"sow-sld-icon-thin-right\"><\/em>\n\t\t\t\t\t<\/a>\n\t\t\t\t<\/div>\n\n\t\t\t\t<div class=\"sow-slide-nav sow-slide-nav-prev\">\n\t\t\t\t\t<a href=\"#\" data-goto=\"previous\" aria-label=\"Previous slide\" data-action=\"prev\">\n\t\t\t\t\t\t<em class=\"sow-sld-icon-thin-left\"><\/em>\n\t\t\t\t\t<\/a>\n\t\t\t\t<\/div>\n\t\t\t\t<\/div><\/div><\/div><div id=\"panel-636-2-2-1\" class=\"so-panel widget widget_sow-slider\" data-index=\"4\" ><div\n\t\t\t\n\t\t\tclass=\"so-widget-sow-slider so-widget-sow-slider-default-6d39609536fd-636\"\n\t\t\t\n\t\t>\t\t\t\t<div class=\"sow-slider-base\" style=\"display: none\" tabindex=\"0\">\n\t\t\t\t\t<ul\n\t\t\t\t\tclass=\"sow-slider-images\"\n\t\t\t\t\tdata-settings=\"{&quot;pagination&quot;:true,&quot;speed&quot;:800,&quot;timeout&quot;:8000,&quot;paused&quot;:false,&quot;pause_on_hover&quot;:false,&quot;swipe&quot;:true,&quot;nav_always_show_desktop&quot;:&quot;&quot;,&quot;nav_always_show_mobile&quot;:&quot;&quot;,&quot;breakpoint&quot;:&quot;780px&quot;,&quot;unmute&quot;:false,&quot;anchor&quot;:null}\"\n\t\t\t\t\t\t\t\t\t\tdata-anchor-id=\"\"\n\t\t\t\t>\t\t<li class=\"sow-slider-image\" style=\"visibility: visible;\" >\n\t\t\t\t\t\t<img loading=\"lazy\" decoding=\"async\" width=\"640\" height=\"480\" src=\"https:\/\/asadep.fr\/wp-content\/uploads\/2017\/07\/DSC00856.jpg\" class=\"sow-slider-background-image\" alt=\"\" style=\"\" srcset=\"https:\/\/asadep.fr\/wp-content\/uploads\/2017\/07\/DSC00856.jpg 640w, https:\/\/asadep.fr\/wp-content\/uploads\/2017\/07\/DSC00856-300x225.jpg 300w, https:\/\/asadep.fr\/wp-content\/uploads\/2017\/07\/DSC00856-107x80.jpg 107w\" sizes=\"auto, (max-width: 640px) 100vw, 640px\" \/>\t\t<\/li>\n\t\t<\/ul>\t\t\t\t<ol class=\"sow-slider-pagination\">\n\t\t\t\t\t\t\t\t\t\t\t<li><a href=\"#\" data-goto=\"0\" aria-label=\"Display slide 1\"><\/a><\/li>\n\t\t\t\t\t\t\t\t\t<\/ol>\n\n\t\t\t\t<div class=\"sow-slide-nav sow-slide-nav-next\">\n\t\t\t\t\t<a href=\"#\" data-goto=\"next\" aria-label=\"Next slide\" data-action=\"next\">\n\t\t\t\t\t\t<em class=\"sow-sld-icon-thin-right\"><\/em>\n\t\t\t\t\t<\/a>\n\t\t\t\t<\/div>\n\n\t\t\t\t<div class=\"sow-slide-nav sow-slide-nav-prev\">\n\t\t\t\t\t<a href=\"#\" data-goto=\"previous\" aria-label=\"Previous slide\" data-action=\"prev\">\n\t\t\t\t\t\t<em class=\"sow-sld-icon-thin-left\"><\/em>\n\t\t\t\t\t<\/a>\n\t\t\t\t<\/div>\n\t\t\t\t<\/div><\/div><\/div><div id=\"panel-636-2-2-2\" class=\"so-panel widget widget_sow-slider\" data-index=\"5\" ><div\n\t\t\t\n\t\t\tclass=\"so-widget-sow-slider so-widget-sow-slider-default-6d39609536fd-636\"\n\t\t\t\n\t\t>\t\t\t\t<div class=\"sow-slider-base\" style=\"display: none\" tabindex=\"0\">\n\t\t\t\t\t<ul\n\t\t\t\t\tclass=\"sow-slider-images\"\n\t\t\t\t\tdata-settings=\"{&quot;pagination&quot;:true,&quot;speed&quot;:800,&quot;timeout&quot;:8000,&quot;paused&quot;:false,&quot;pause_on_hover&quot;:false,&quot;swipe&quot;:true,&quot;nav_always_show_desktop&quot;:&quot;&quot;,&quot;nav_always_show_mobile&quot;:&quot;&quot;,&quot;breakpoint&quot;:&quot;780px&quot;,&quot;unmute&quot;:false,&quot;anchor&quot;:null}\"\n\t\t\t\t\t\t\t\t\t\tdata-anchor-id=\"\"\n\t\t\t\t>\t\t<li class=\"sow-slider-image\" style=\"visibility: visible;\" >\n\t\t\t\t\t\t<img loading=\"lazy\" decoding=\"async\" width=\"640\" height=\"480\" src=\"https:\/\/asadep.fr\/wp-content\/uploads\/2017\/07\/DSC01854.jpg\" class=\"sow-slider-background-image\" alt=\"\" style=\"\" srcset=\"https:\/\/asadep.fr\/wp-content\/uploads\/2017\/07\/DSC01854.jpg 640w, https:\/\/asadep.fr\/wp-content\/uploads\/2017\/07\/DSC01854-300x225.jpg 300w, https:\/\/asadep.fr\/wp-content\/uploads\/2017\/07\/DSC01854-107x80.jpg 107w\" sizes=\"auto, (max-width: 640px) 100vw, 640px\" \/>\t\t<\/li>\n\t\t<\/ul>\t\t\t\t<ol class=\"sow-slider-pagination\">\n\t\t\t\t\t\t\t\t\t\t\t<li><a href=\"#\" data-goto=\"0\" aria-label=\"Display slide 1\"><\/a><\/li>\n\t\t\t\t\t\t\t\t\t<\/ol>\n\n\t\t\t\t<div class=\"sow-slide-nav sow-slide-nav-next\">\n\t\t\t\t\t<a href=\"#\" data-goto=\"next\" aria-label=\"Next slide\" data-action=\"next\">\n\t\t\t\t\t\t<em class=\"sow-sld-icon-thin-right\"><\/em>\n\t\t\t\t\t<\/a>\n\t\t\t\t<\/div>\n\n\t\t\t\t<div class=\"sow-slide-nav sow-slide-nav-prev\">\n\t\t\t\t\t<a href=\"#\" data-goto=\"previous\" aria-label=\"Previous slide\" data-action=\"prev\">\n\t\t\t\t\t\t<em class=\"sow-sld-icon-thin-left\"><\/em>\n\t\t\t\t\t<\/a>\n\t\t\t\t<\/div>\n\t\t\t\t<\/div><\/div><\/div><div id=\"panel-636-2-2-3\" class=\"so-panel widget widget_sow-slider\" data-index=\"6\" ><div\n\t\t\t\n\t\t\tclass=\"so-widget-sow-slider so-widget-sow-slider-default-6d39609536fd-636\"\n\t\t\t\n\t\t>\t\t\t\t<div class=\"sow-slider-base\" style=\"display: none\" tabindex=\"0\">\n\t\t\t\t\t<ul\n\t\t\t\t\tclass=\"sow-slider-images\"\n\t\t\t\t\tdata-settings=\"{&quot;pagination&quot;:true,&quot;speed&quot;:800,&quot;timeout&quot;:8000,&quot;paused&quot;:false,&quot;pause_on_hover&quot;:false,&quot;swipe&quot;:true,&quot;nav_always_show_desktop&quot;:&quot;&quot;,&quot;nav_always_show_mobile&quot;:&quot;&quot;,&quot;breakpoint&quot;:&quot;780px&quot;,&quot;unmute&quot;:false,&quot;anchor&quot;:null}\"\n\t\t\t\t\t\t\t\t\t\tdata-anchor-id=\"\"\n\t\t\t\t>\t\t<li class=\"sow-slider-image\" style=\"visibility: visible;\" >\n\t\t\t\t\t\t<img loading=\"lazy\" decoding=\"async\" width=\"640\" height=\"480\" src=\"https:\/\/asadep.fr\/wp-content\/uploads\/2017\/07\/DSC01876.jpg\" class=\"sow-slider-background-image\" alt=\"\" style=\"\" srcset=\"https:\/\/asadep.fr\/wp-content\/uploads\/2017\/07\/DSC01876.jpg 640w, https:\/\/asadep.fr\/wp-content\/uploads\/2017\/07\/DSC01876-300x225.jpg 300w, https:\/\/asadep.fr\/wp-content\/uploads\/2017\/07\/DSC01876-107x80.jpg 107w\" sizes=\"auto, (max-width: 640px) 100vw, 640px\" \/>\t\t<\/li>\n\t\t<\/ul>\t\t\t\t<ol class=\"sow-slider-pagination\">\n\t\t\t\t\t\t\t\t\t\t\t<li><a href=\"#\" data-goto=\"0\" aria-label=\"Display slide 1\"><\/a><\/li>\n\t\t\t\t\t\t\t\t\t<\/ol>\n\n\t\t\t\t<div class=\"sow-slide-nav sow-slide-nav-next\">\n\t\t\t\t\t<a href=\"#\" data-goto=\"next\" aria-label=\"Next slide\" data-action=\"next\">\n\t\t\t\t\t\t<em class=\"sow-sld-icon-thin-right\"><\/em>\n\t\t\t\t\t<\/a>\n\t\t\t\t<\/div>\n\n\t\t\t\t<div class=\"sow-slide-nav sow-slide-nav-prev\">\n\t\t\t\t\t<a href=\"#\" data-goto=\"previous\" aria-label=\"Previous slide\" data-action=\"prev\">\n\t\t\t\t\t\t<em class=\"sow-sld-icon-thin-left\"><\/em>\n\t\t\t\t\t<\/a>\n\t\t\t\t<\/div>\n\t\t\t\t<\/div><\/div><\/div><div id=\"panel-636-2-2-4\" class=\"so-panel widget widget_sow-slider panel-last-child\" data-index=\"7\" ><div\n\t\t\t\n\t\t\tclass=\"so-widget-sow-slider so-widget-sow-slider-default-6d39609536fd-636\"\n\t\t\t\n\t\t>\t\t\t\t<div class=\"sow-slider-base\" style=\"display: none\" tabindex=\"0\">\n\t\t\t\t\t<ul\n\t\t\t\t\tclass=\"sow-slider-images\"\n\t\t\t\t\tdata-settings=\"{&quot;pagination&quot;:true,&quot;speed&quot;:800,&quot;timeout&quot;:8000,&quot;paused&quot;:false,&quot;pause_on_hover&quot;:false,&quot;swipe&quot;:true,&quot;nav_always_show_desktop&quot;:&quot;&quot;,&quot;nav_always_show_mobile&quot;:&quot;&quot;,&quot;breakpoint&quot;:&quot;780px&quot;,&quot;unmute&quot;:false,&quot;anchor&quot;:null}\"\n\t\t\t\t\t\t\t\t\t\tdata-anchor-id=\"\"\n\t\t\t\t>\t\t<li class=\"sow-slider-image\" style=\"visibility: visible;\" >\n\t\t\t\t\t\t<img loading=\"lazy\" decoding=\"async\" width=\"640\" height=\"480\" src=\"https:\/\/asadep.fr\/wp-content\/uploads\/2017\/07\/DSC01856.jpg\" class=\"sow-slider-background-image\" alt=\"\" style=\"\" srcset=\"https:\/\/asadep.fr\/wp-content\/uploads\/2017\/07\/DSC01856.jpg 640w, https:\/\/asadep.fr\/wp-content\/uploads\/2017\/07\/DSC01856-300x225.jpg 300w, https:\/\/asadep.fr\/wp-content\/uploads\/2017\/07\/DSC01856-107x80.jpg 107w\" sizes=\"auto, (max-width: 640px) 100vw, 640px\" \/>\t\t<\/li>\n\t\t<\/ul>\t\t\t\t<ol class=\"sow-slider-pagination\">\n\t\t\t\t\t\t\t\t\t\t\t<li><a href=\"#\" data-goto=\"0\" aria-label=\"Display slide 1\"><\/a><\/li>\n\t\t\t\t\t\t\t\t\t<\/ol>\n\n\t\t\t\t<div class=\"sow-slide-nav sow-slide-nav-next\">\n\t\t\t\t\t<a href=\"#\" data-goto=\"next\" aria-label=\"Next slide\" data-action=\"next\">\n\t\t\t\t\t\t<em class=\"sow-sld-icon-thin-right\"><\/em>\n\t\t\t\t\t<\/a>\n\t\t\t\t<\/div>\n\n\t\t\t\t<div class=\"sow-slide-nav sow-slide-nav-prev\">\n\t\t\t\t\t<a href=\"#\" data-goto=\"previous\" aria-label=\"Previous slide\" data-action=\"prev\">\n\t\t\t\t\t\t<em class=\"sow-sld-icon-thin-left\"><\/em>\n\t\t\t\t\t<\/a>\n\t\t\t\t<\/div>\n\t\t\t\t<\/div><\/div><\/div><\/div><div id=\"pgc-636-2-3\"  class=\"panel-grid-cell panel-grid-cell-empty\" ><\/div><\/div><\/div>","protected":false},"excerpt":{"rendered":"<p>Histoire de Saint Andr\u00e9 d&rsquo;H\u00e9bertot<\/p>\n","protected":false},"author":2,"featured_media":0,"parent":0,"menu_order":0,"comment_status":"closed","ping_status":"closed","template":"template-builder.php","meta":{"footnotes":""},"class_list":["post-636","page","type-page","status-publish","hentry"],"_links":{"self":[{"href":"https:\/\/asadep.fr\/index.php\/wp-json\/wp\/v2\/pages\/636","targetHints":{"allow":["GET"]}}],"collection":[{"href":"https:\/\/asadep.fr\/index.php\/wp-json\/wp\/v2\/pages"}],"about":[{"href":"https:\/\/asadep.fr\/index.php\/wp-json\/wp\/v2\/types\/page"}],"author":[{"embeddable":true,"href":"https:\/\/asadep.fr\/index.php\/wp-json\/wp\/v2\/users\/2"}],"replies":[{"embeddable":true,"href":"https:\/\/asadep.fr\/index.php\/wp-json\/wp\/v2\/comments?post=636"}],"version-history":[{"count":9,"href":"https:\/\/asadep.fr\/index.php\/wp-json\/wp\/v2\/pages\/636\/revisions"}],"predecessor-version":[{"id":777,"href":"https:\/\/asadep.fr\/index.php\/wp-json\/wp\/v2\/pages\/636\/revisions\/777"}],"wp:attachment":[{"href":"https:\/\/asadep.fr\/index.php\/wp-json\/wp\/v2\/media?parent=636"}],"curies":[{"name":"wp","href":"https:\/\/api.w.org\/{rel}","templated":true}]}}